prime factors of m(g)?
2, 5, 7
Let s(u) = u - 1. Let v(f) = 28*f**2 + f - 6. Let j(t) = 6*s(t) - v(t). Let r be j(-4). What are the prime factors of (-2 + 1)/(4/r)?
3, 13
Let x(o) = 177*o**2 - 112*o + 1422. List the prime factors of x(16).
2, 23, 977
Let z = -9 + -9. Let d be 9*(20/z)/(-5). Suppose 3*w + w = d*x + 184, -4*w - 3*x = -184. What are the prime factors of w?
2, 23
Suppose 4*l + 4*f - 169 - 363 = 0, 3*f = 3*l - 369. Suppose -l = u - 478. List the prime factors of u.
2, 5, 7
Let v(f) = -f**3 - 2*f**2 + 4*f + 3. Let p be v(-3). Suppose -4 = -2*a - 0*a. Suppose a*r - 7*r + 255 = p. What are the prime factors of r?
3, 17
Let n be (-1)/3 - 92/(-3)*5. Let t = 86 - n. Let z = 80 + t. List the prime factors of z.
13
Let q(n) = -7*n**3 - 2*n**2 - 7*n - 5. Let j be q(-2). Suppose -j*y + 72*y - 6345 = 0. What are the prime factors of y?
3, 47
Let h be 33/15 - 3/15*1. Let t be (65/10 - h)*12. Let a = t + 84. List the prime factors of a.
2, 3, 23
Suppose 10*h - 11*h = 5*o - 7899, 0 = 5*o - 4*h - 7879. Let i = -715 + o. What are the prime factors of i?
2, 3
Suppose 3*g + 2*m - 7 = 0, 10 = g - 5*m + 2. Let h be 103 - (0 + g + -2). Let l = 158 - h. What are the prime factors of l?
2, 7
Suppose -206*p + 13008 = 235*p - 417*p. List the prime factors of p.
2, 271
Let k(q) = -69*q**2 - 21*q + 13. Let j(a) = -35*a**2 - 9*a + 6. Let p(w) = 7*j(w) - 4*k(w). What are the prime factors of p(5)?
2, 3, 5, 29
Suppose 24*a - 11901 + 2613 = 0. Let p = a + -227. What are the prime factors of p?
2, 5
Let o = -475 - -484. Let p(l) = l**3 - 8*l**2 - 2*l - 40. What are the prime factors of p(o)?
23
Suppose 10*l + 4525 = -1325. Let v(u) = 24*u**3 + u**2 + 2*u + 1. Let p be v(-1). List the prime factors of (-6)/p - l/12.
7
Suppose 3*n = -2*b + 9678, -5*n - 82*b + 16105 = -87*b. List the prime factors of n.
2, 13, 31
Suppose 20*v = 12*v + 80. Let h(b) = 32*b - 79. What are the prime factors of h(v)?
241
Let f be (-13 + 25)*(-1)/(-6). Suppose 5*r + 3*n - 4970 = 0, -5*r + 4945 = f*n - 4*n. List the prime factors of r.
991
Suppose 230 = 12*d + 11*d. Suppose 18*c = d*c + 1616. What are the prime factors of c?
2, 101
Let y = 637 - 686. List the prime factors of y/(4 - 894/222).
7, 37
Let q(j) = -9*j**3 + 10*j**2 - 36*j - 435. What are the prime factors of q(-11)?
2, 5, 263
Suppose 99 = 5*i + 3*b + 417, i + 54 = -3*b. What are the prime factors of (69/2)/((-11)/i)?
3, 23
What are the prime factors of (5283/(-135) + 2/15)*(-96 + 2)?
2, 3, 13, 47
Suppose -11323 = -6*w - 7*w. Let t = -586 + w. List the prime factors of t.
3, 5, 19
Let k(d) = 2*d**2 - 84*d + 1520. List the prime factors of k(-64).
2, 23, 41
Let a be 4 - (8 - -1) - (-2 + -7). Suppose -2*f + 0*o = -3*o - 2239, -2*o = a*f - 4438. What are the prime factors of f?
2, 139
Suppose n - 53 = -5*m + m, -3*n + 15 = 0. Let x(u) = u**2 + 12*u - 68. List the prime factors of x(m).
2, 5, 11
Let r(y) = -53*y**3 + 6*y**2 - 15*y - 112. List the prime factors of r(-5).
2, 3, 1123
Let t = 1033 - 563. Suppose 383 = 4*a - 3*w, 0*a + 5*a = -5*w + t. List the prime factors of a.
5, 19
Let b(g) = 2*g**3 - 48*g**2 - 3*g - 11. Let k(i) = 2*i**3 - 47*i**2 - 4*i - 10. Let a(z) = -4*b(z) + 5*k(z). List the prime factors of a(23).
11, 127
Let s = 2067 - 1438. Let v = -321 + s. List the prime factors of v.
2, 7, 11
Let x(r) = 64*r - 137. Let f(h) = h - 3. Let k(t) = -5*f(t) - x(t). List the prime factors of k(-15).
1187
Let w(x) = -1495*x + 30. What are the prime factors of w(-2)?
2, 5, 151
Suppose 172617 - 491323 = -38*h. List the prime factors of h.
8387
Let i be (3 + -2)/(-1*1/53). List the prime factors of -50*(-9 + 10)*i/2.
5, 53
Let v = 3 + 171. Let p(b) = b**3 - 12*b**2 + 3*b - 6. Let l be p(11). Let z = v + l. List the prime factors of z.
2, 5
Suppose 3*q - 535 = 9*u - 4*u, 3*u - 169 = -q. Let p = q - -190. What are the prime factors of p?
5, 73
Let u(k) = -115*k**3 + k**2 - 1. Suppose -2*t = o - 34 + 13, 39 = 5*t - 2*o. Suppose t*n + 6 = -3. What are the prime factors of u(n)?
5, 23
Suppose -4*b + 4345 = -5*s, -726 = -2*b + 2*s + 1444. Suppose 0*u - 2*u = -b. What are the prime factors of u?
2, 3, 5
Suppose 24850 = 3*i + 2*b, 4*i - 3*i - 8292 = -5*b. Suppose 30*v - i = -11*v. What are the prime factors of v?
2, 101
Suppose -22*g + 464027 - 168083 = 0. List the prime factors of g.
2, 3, 19, 59
Suppose 0 = -2*w - t + 53, w = -2*w - 2*t + 81. Suppose -15 = -3*x - 2*y - 0*y, 5*x + 2*y = w. Suppose 144 = x*q - 156. List the prime factors of q.
2, 3, 5
What are the prime factors of 199 + -197 + -3 + 41143?
2, 3, 6857
What are the prime factors of 1502721/(-706)*16/(-6)?
2, 3, 11, 43
Suppose 0 = o + 3*o - 5*n - 64, 2*n = 0. Suppose -o*b = -7*b - 2547. Suppose -56*p + b = -55*p. List the prime factors of p.
283
Let p(a) = 252*a**2 - 317*a + 3825. What are the prime factors of p(12)?
3, 7, 13, 19
Let u = 569 + -386. Suppose -o + 40 = 4*s - 149, 2*s = o - u. Suppose -2*a - 3*l = -o, -4*a + l = 5*l - 380. List the prime factors of a.
2, 5
Let m = -635 - -642. Suppose 0 = -5*y + m*y - 2*u - 2706, 3*y = 5*u + 4063. List the prime factors of y.
7, 193
Let a be 5/(2/(-9) - (-98)/(-126)). What are the prime factors of (a/15)/(27572/9192 - 3)?
2, 383
Let h(t) = t - 20 - 1 - 5. Let a be h(-5). Let q = a - -57. What are the prime factors of q?
2, 13
Let c = 403 + 6109. What are the prime factors of c?
2, 11, 37
Let o be (-3)/(-6) - 1 - (-59535)/(-42). Let d = -966 - o. List the prime factors of d.
2, 113
List the prime factors of (-325299)/(-91) + 5 + (-165)/35.
5, 11, 13
Suppose -5*i + 5*l - l = -29, l = 4*i - 21. Let x(m) be the second derivative of m**4/4 + 2*m**3/3 + 4*m**2 + 4*m - 1. What are the prime factors of x(i)?
103
Let o(s) = s**3 + 12*s**2 - 11*s + 1. Let m be o(-13). Let g = m - -32. Suppose -58 = -g*j + 600. What are the prime factors of j?
2, 47
Suppose 0 = 5*w - 0*w - 45. Suppose w*y + 66 - 12 = 0. List the prime factors of 4/(-12) - 626/y.
2, 13
Let u(k) be the first derivative of k**2 + 9/4*k**4 - k**3 + 3 + 0*k. List the prime factors of u(3).
2, 3, 37
Let h(j) = 3*j**2 + 23*j + 68. Let x be h(-26). Suppose -c = 2*i - 4090, -i + 533 = -3*c - x. What are the prime factors of i?
3, 227
Suppose -8*s + 16 = -96. Suppose 0 = -s*k - 10*k + 16584. What are the prime factors of k?
691
Suppose 0 = 5*s + 3*t - 89054, 63*s - 68*s - t = -89038. List the prime factors of s.
2, 29, 307
Let p(y) = 2*y**2 - 26*y + 4. Let d be p(13). Let l(v) = 2*v**2 - 7*v + 8. Let r be l(d). Suppose -18*i = -r*i - 234. What are the prime factors of i?
3, 13
Let b = 24 - 10. Suppose 0 = -5*h - 41 + 81. Let d = b - h. List the prime factors of d.
2, 3
Let b = 13791 + -2576. What are the prime factors of b?
5, 2243
Let o be 35/7 - -483 - (-2)/(-2). Suppose -359 = -2*l + o. What are the prime factors of l?
3, 47
Suppose 5*b = 3*k - 8389, -16*k + 2*b = -12*k - 11162. Suppose -3717 = -4*a + p, 0*p = -3*a + p + k. What are the prime factors of a?
929
Let j be 222*(-8)/(-336) - (-4)/(-14). Suppose 4428 = -j*f + 11*f. What are the prime factors of f?
2, 3, 41
Let t(y) = -y**2 + 20*y + 49. Let w be t(22). Suppose w*a + 24 = 7*a. Suppose -16*n + a*n + 228 = 0. What are the prime factors of n?
3, 19
Suppose 22*i = 31*i - 17136. Suppose -2*n + 320 = c - 310, 0 = -3*c + n + i. What are the prime factors of c?
2, 317
Let t be 18/(-27) - (-4660)/(-12). Let q = 29 - t. What are the prime factors of q?
2, 11, 19
Let t(u) = -15*u**2 + 24*u + 111. Let f be t(-12). Let p = -1605 - f. List the prime factors of p.
2, 3, 61
Let i be (-2)/(((-8)/(-10))/(-2)). Suppose 3*c + 121 = -2*r + 1278, r - 3*c = 601. Suppose i*y = r - 246. List the prime factors of y.
2, 17
Let w = 43 + 98. Let l(t) = 6*t + 4. Let f be l(17). Let a = w + f. What are the prime factors of a?
13, 19
Suppose -37*w + 71*w = 46*w - 123036. What are the prime factors of w?
10253
Suppose 0 = -b + h + 45382, 3*b - h = h + 136152. What are the prime factors of b?
2, 7, 1621
Suppose -81080*g + 81064*g = -377056. List the prime factors of g.
2, 11783
Suppose 103*f = 25*f - 51*f + 8618490. What are the prime factors of f?
2, 3, 5, 17, 131
Suppose 2*p - 1648 = 3*j - 13113, 5*p = -5*j + 19100. List the prime factors of j.
3821
Let b(m) = 20*m**2 + 12*m + 13. Suppose f + 9 = 2*j + 2*j, -3*j = -2*f - 13. List the prime factors o